39921.
302539921
List the prime factors of 24054751.
7, 379, 9067
What are the prime factors of 3547586?
2, 7, 43, 71, 83
List the prime factors of 19522952.
2, 23, 106103
What are the prime factors of 26862238?
2, 13, 19, 54377
What are the prime factors of 62505762?
2, 3, 11, 53, 107, 167
What are the prime factors of 295475098?
2, 147737549
List the prime factors of 940246118.
2, 7, 23, 2920019
List the prime factors of 44313855.
3, 5, 353, 8369
What are the prime factors of 503293528?
2, 62911691
List the prime factors of 88084149.
3, 29361383
List the prime factors of 219768590.
2, 5, 89, 246931
What are the prime factors of 37786682?
2, 17, 389, 2857
List the prime factors of 937334649.
3, 312444883
What are the prime factors of 102693277?
17, 53, 293, 389
What are the prime factors of 2515946509?
41, 157, 269, 1453
List the prime factors of 142939665.
3, 5, 11, 288767
What are the prime factors of 44489865?
3, 5, 7, 423713
List the prime factors of 811456871.
41, 53, 421, 887
What are the prime factors of 30003819?
3, 71, 140863
List the prime factors of 37479175.
5, 1499167
List the prime factors of 1247161257.
3, 37, 3745229
List the prime factors of 2248083442.
2, 11, 9289601
What are the prime factors of 1342005749?
7, 223, 859709
List the prime factors of 147309493.
147309493
List the prime factors of 56609098.
2, 7, 13, 61, 5099
What are the prime factors of 22237607?
7, 3176801
What are the prime factors of 67698129?
3, 22566043
List the prime factors of 5957482466.
2, 13, 229133941
List the prime factors of 12508571.
43, 290897
What are the prime factors of 110971922?
2, 29, 149, 12841
What are the prime factors of 3700027553?
29, 127587157
List the prime factors of 251746641.
3, 101, 276949
List the prime factors of 102700185.
3, 5, 7, 263, 3719
What are the prime factors of 661450105?
5, 132290021
What are the prime factors of 718905878?
2, 359452939
What are the prime factors of 231166510?
2, 5, 17, 1359803
List the prime factors of 238457465.
5, 101, 472193
List the prime factors of 192866546.
2, 23, 197, 21283
List the prime factors of 163044334.
2, 2617, 31151
What are the prime factors of 31224012?
2, 3, 983, 2647
What are the prime factors of 2109992063?
29, 53, 1372799
List the prime factors of 35121571.
937, 37483
What are the prime factors of 175912511?
71, 2477641
List the prime factors of 19070446.
2, 9535223
List the prime factors of 435883744.
2, 13621367
What are the prime factors of 1322956110?
2, 3, 5, 7, 6299791
What are the prime factors of 124728209?
124728209
List the prime factors of 461429654.
2, 7, 32959261
What are the prime factors of 1409297148?
2, 3, 7, 5592449
What are the prime factors of 388095289?
67, 5792467
List the prime factors of 38242477.
7, 13, 113, 3719
List the prime factors of 27568779.
3, 7, 127, 10337
What are the prime factors of 1507381186?
2, 347, 523, 4153
What are the prime factors of 1251382551?
3, 23, 18135979
What are the prime factors of 5769753153?
3, 1923251051
What are the prime factors of 4628355032?
2, 7, 82649197
List the prime factors of 795723504.
2, 3, 16577573
List the prime factors of 34665968.
2, 23, 94201
List the prime factors of 82557541.
11, 263, 28537
List the prime factors of 27370605.
3, 5, 1824707
List the prime factors of 1989220246.
2, 13, 5885267
What are the prime factors of 3288353497?
11, 13, 353, 5011
List the prime factors of 34723430.
2, 5, 7, 293, 1693
List the prime factors of 35069080.
2, 5, 43, 20389
What are the prime factors of 118970144?
2, 73, 50929
List the prime factors of 63452080.
2, 5, 293, 2707
List the prime factors of 8835881.
8835881
List the prime factors of 9589763.
197, 48679
What are the prime factors of 10239713?
11, 37, 139, 181
What are the prime factors of 1667777612?
2, 997, 418199
List the prime factors of 18145995.
3, 5, 7, 47, 3677
What are the prime factors of 2195442361?
7, 29, 10814987
What are the prime factors of 132685549?
31, 4280179
What are the prime factors of 950857282?
2, 47, 223, 45361
List the prime factors of 2403868557.
3, 31, 25848049
What are the prime factors of 573068502?
2, 3, 31837139
What are the prime factors of 60715278?
2, 3, 13, 6653
List the prime factors of 17593156.
2, 7, 12823
List the prime factors of 3723753620.
2, 5, 151, 283, 4357
What are the prime factors of 125301277?
37, 109, 31069
What are the prime factors of 142616652?
2, 3, 23, 516727
List the prime factors of 54151185.
3, 5, 11, 257, 1277
What are the prime factors of 176957918?
2, 229, 386371
List the prime factors of 127776604.
2, 31944151
List the prime factors of 182691112.
2, 17, 1343317
What are the prime factors of 2183142699?
3, 26952379
What are the prime factors of 4888611989?
113, 43262053
List the prime factors of 108280157.
17, 1721, 3701
List the prime factors of 2845044951.
3, 7, 569, 238099
List the prime factors of 19478271.
3, 593, 10949
List the prime factors of 90769431.
3, 23, 43, 30593
What are the prime factors of 3231604557?
3, 359067173
List the prime factors of 23934563.
23934563
What are the prime factors of 290210666?
2, 89, 211, 7727
What are the prime factors of 20850310?
2, 5, 13, 160387
List the prime factors of 397165932.
2, 3, 23, 367, 1307
What are the prime factors of 358028993?
7, 17, 317, 9491
List the prime factors of 109182147.
3, 36394049
What are the prime factors of 198601676?
2, 7, 13, 545609
What are the prime factors of 48210365?
5, 7, 28111
List the prime factors of 146714212.
2, 36678553
List the prime factors of 7959964173.
3, 7, 59, 6424507
List the prime factors of 12355939.
67, 184417
What are the prime factors of 67034138?
2, 29, 887, 1303
List the prime factors of 2507784098.
2, 487, 2574727
List the prime factors of 20632438.
2, 631, 16349
What are the prime factors of 5001281503?
4073, 1227911
What are the prime factors of 52326852?
2, 3, 83, 107, 491
What are the prime factors of 40242368?
2, 628787
List the prime factors of 85559122.
2, 11, 1259, 3089
List the prime factors of 33501505.
5, 61, 109841
What are the prime factors of 4048224106?
2, 2024112053
What are the prime factors of 79825714?
2, 109, 366173
What are the prime factors of 339736964?
2, 7, 12133463
What are the prime factors of 139476386?
2, 7, 9962599
List the prime factors of 189487421.
29, 6534049
List the prime factors of 3820751052.
2, 3, 797, 399493
What are the prime factors of 57281098?
2, 7, 577, 1013
List the prime factors of 915551342.
2, 457775671
List the prime factors of 1497260922.
2, 3, 71, 3514697
List the prime factors of 200439331.
8093, 24767
List the prime factors of 15729712.
2, 127, 7741
List the prime factors of 456761814.
2, 3, 17, 107, 41851
List the prime factors of 59912048.
2, 7, 53, 10093
List the prime factors of 200804417.
11, 367, 49741
List the prime factors of 520276598.
2, 260138299
List the prime factors of 7311815.
5, 7, 23, 31, 293
List the prime factors of 588160941.
3, 19, 10318613
List the prime factors of 163322789.
7, 1201, 19427
What are the prime factors of 610137078?
2, 3, 101689513
List the prime factors of 7054047200.
2, 5, 8817559
What are the prime factors of 29229302?
2, 317, 46103
List the prime factors of 20266588.
2, 23, 43, 47, 109
List the prime factors of 44041959.
3, 13, 101, 3727
What are the prime factors of 6608733692?
2, 11, 619, 242647
List the prime factors of 3012773.
19, 158567
List the prime factors of 11776686.
2, 3, 1259, 1559
List the prime factors of 214506578.
2, 11, 13, 17, 44119
List the prime factors of 769824827.
277, 2779151
List the prime factors of 761143587.
3, 8623, 29423
List the prime factors of 22304627.
419, 53233
What are the prime factors of 50575128?
2, 3, 109, 19333
What are the prime factors of 253506357?
3, 13, 2166721
What are the prime factors of 49304862?
2, 3, 17, 17903
What are the prime factors of 643609572?
2, 3, 19, 101, 1471
List the prime factors of 5717249.
5717249
List the prime factors of 32163351.
3, 11, 409, 2383
What are the prime factors of 30262367?
557, 54331
List the prime factors of 60179659.
60179659
What are the prime factors of 28240306?
2, 887, 15919
What are the prime factors of 7365355750?
2, 5, 29461423
What are the prime factors of 74019265?
5, 1087, 13619
List the prime factors 